{"id":26,"date":"2015-07-20T00:05:47","date_gmt":"2015-07-19T22:05:47","guid":{"rendered":"http:\/\/wp15.tc-solvay-rheinberg.de\/?page_id=26"},"modified":"2023-09-23T13:59:37","modified_gmt":"2023-09-23T11:59:37","slug":"mitgliedschaft","status":"publish","type":"page","link":"https:\/\/www.tc-solvay-rheinberg.de\/?page_id=26","title":{"rendered":"Mitgliedschaft"},"content":{"rendered":"<p style=\"text-align: justify;\"><strong>F\u00fcr kleines Geld Tennis spielen. Das ist beim TC Solvay m\u00f6glich.<\/strong><\/p>\n<p style=\"text-align: justify;\">F\u00fcr Kinder bis 14 kostet der Jahresbeitrag nur 45\u20ac. F\u00fcr Jugendliche, erwachsene Sch\u00fcler und Studenten sind es 60\u20ac und Erwachsene zahlen lediglich 90\u20ac im Jahr.\u00a0<\/p>\n<p style=\"text-align: justify;\">Trauen Sie sich. Es lohnt sich! Alle Infos im Detail sind der Beitragsordnung zu entnehmen. Bei Fragen steht der Vorstand gerne zur Verf\u00fcgung. Kontaktinformationen gibt es unter der Rubrik &#8222;Vorstand&#8220;.\u00a0<\/p>\n<p>Wir freuen uns \u00fcber jedes Mitglied, ob Kind, Jugendlicher oder Erwachsener. Bei uns ist f\u00fcr jeden Platz.\u00a0<\/p>\n<p><a href=\"http:\/\/www.tc-solvay-rheinberg.de\/wp-content\/uploads\/2023\/08\/Beitragsordnung-und-Satzung-TC-Solvay-Rheinberg.pdf\">Beitragsordnung und Satzung TC Solvay Rheinberg<\/a><\/p>\n<p><a href=\"http:\/\/www.tc-solvay-rheinberg.de\/wp-content\/uploads\/2023\/09\/SEPA-Lastschriftmandat.pdf\">SEPA Lastschriftmandat Vorlage<\/a><\/p>\n<p>\u00a0<\/p>\n<p><strong>Die Anmeldung f\u00fcr den Tennisverein erfolgt \u00fcber das nachfolgende Formular. Bei Fragen steht der Vorstand gerne zur Verf\u00fcgung.\u00a0<\/strong><\/p>\n\n\n<div style=\"text-align: center;\"><iframe src=\"https:\/\/easyverein.com\/public\/TCSR\/applicationform\/7616?iframe=True\" style=\"border:none;width: 100%;min-height: 800px;\"><\/iframe><br><small><a href=\"https:\/\/easyverein.com\" style=\"text-decoration: none; color: #878787;\" title=\"Vereinsverwaltungssoftware easyVerein\">Vereinsverwaltung von easyVerein<\/a><\/small><\/div>\n\n","protected":false},"excerpt":{"rendered":"<p>F\u00fcr kleines Geld Tennis spielen. Das ist beim TC Solvay m\u00f6glich. F\u00fcr Kinder bis 14 kostet der Jahresbeitrag nur 45\u20ac. F\u00fcr Jugendliche, erwachsene Sch\u00fcler und Studenten sind es 60\u20ac und Erwachsene zahlen lediglich 90\u20ac im Jahr.\u00a0 Trauen Sie sich. Es lohnt sich! Alle Infos im Detail sind der Beitragsordnung zu entnehmen. Bei Fragen steht der [&hellip;]<\/p>\n","protected":false},"author":1,"featured_media":110,"parent":0,"menu_order":0,"comment_status":"closed","ping_status":"closed","template":"","meta":{"footnotes":""},"class_list":["post-26","page","type-page","status-publish","has-post-thumbnail","hentry"],"_links":{"self":[{"href":"https:\/\/www.tc-solvay-rheinberg.de\/index.php?rest_route=\/wp\/v2\/pages\/26","targetHints":{"allow":["GET"]}}],"collection":[{"href":"https:\/\/www.tc-solvay-rheinberg.de\/index.php?rest_route=\/wp\/v2\/pages"}],"about":[{"href":"https:\/\/www.tc-solvay-rheinberg.de\/index.php?rest_route=\/wp\/v2\/types\/page"}],"author":[{"embeddable":true,"href":"https:\/\/www.tc-solvay-rheinberg.de\/index.php?rest_route=\/wp\/v2\/users\/1"}],"replies":[{"embeddable":true,"href":"https:\/\/www.tc-solvay-rheinberg.de\/index.php?rest_route=%2Fwp%2Fv2%2Fcomments&post=26"}],"version-history":[{"count":42,"href":"https:\/\/www.tc-solvay-rheinberg.de\/index.php?rest_route=\/wp\/v2\/pages\/26\/revisions"}],"predecessor-version":[{"id":1459,"href":"https:\/\/www.tc-solvay-rheinberg.de\/index.php?rest_route=\/wp\/v2\/pages\/26\/revisions\/1459"}],"wp:featuredmedia":[{"embeddable":true,"href":"https:\/\/www.tc-solvay-rheinberg.de\/index.php?rest_route=\/wp\/v2\/media\/110"}],"wp:attachment":[{"href":"https:\/\/www.tc-solvay-rheinberg.de\/index.php?rest_route=%2Fwp%2Fv2%2Fmedia&parent=26"}],"curies":[{"name":"wp","href":"https:\/\/api.w.org\/{rel}","templated":true}]}}