{"id":36,"date":"2015-07-20T00:14:48","date_gmt":"2015-07-19T22:14:48","guid":{"rendered":"http:\/\/wp15.tc-solvay-rheinberg.de\/?page_id=36"},"modified":"2018-09-11T00:18:00","modified_gmt":"2018-09-10T22:18:00","slug":"platzanlage","status":"publish","type":"page","link":"http:\/\/www.tc-solvay-rheinberg.de\/?page_id=36","title":{"rendered":"Platzanlage"},"content":{"rendered":"<p><img loading=\"lazy\" decoding=\"async\" class=\"alignleft wp-image-97\" src=\"http:\/\/www.tc-solvay-rheinberg.de\/wp-content\/uploads\/2015\/07\/club_anlage1-512x341.jpg\" alt=\"\" width=\"480\" height=\"320\" srcset=\"http:\/\/www.tc-solvay-rheinberg.de\/wp-content\/uploads\/2015\/07\/club_anlage1-512x341.jpg 512w, http:\/\/www.tc-solvay-rheinberg.de\/wp-content\/uploads\/2015\/07\/club_anlage1-150x100.jpg 150w, http:\/\/www.tc-solvay-rheinberg.de\/wp-content\/uploads\/2015\/07\/club_anlage1.jpg 1920w\" sizes=\"auto, (max-width: 480px) 100vw, 480px\" \/><\/p>\n<p><a href=\"http:\/\/www.tc-solvay-rheinberg.de\/?page_id=63\"><img loading=\"lazy\" decoding=\"async\" class=\"alignright wp-image-353 size-full\" title=\"Gastronomie im Clubhaus\" src=\"http:\/\/www.tc-solvay-rheinberg.de\/wp-content\/uploads\/2015\/07\/linkpic_gastronomie.png\" alt=\"\" width=\"346\" height=\"210\" srcset=\"http:\/\/www.tc-solvay-rheinberg.de\/wp-content\/uploads\/2015\/07\/linkpic_gastronomie.png 346w, http:\/\/www.tc-solvay-rheinberg.de\/wp-content\/uploads\/2015\/07\/linkpic_gastronomie-150x91.png 150w\" sizes=\"auto, (max-width: 346px) 100vw, 346px\" \/><\/a><\/p>\n<p><a href=\"http:\/\/www.tc-solvay-rheinberg.de\/?page_id=68\"><img loading=\"lazy\" decoding=\"async\" class=\" wp-image-972 size-full alignright\" title=\"Anfahrt zur Platzanlage\" src=\"http:\/\/www.tc-solvay-rheinberg.de\/wp-content\/uploads\/2018\/09\/linkpic_anfahrt_2.png\" alt=\"\" width=\"346\" height=\"210\" srcset=\"http:\/\/www.tc-solvay-rheinberg.de\/wp-content\/uploads\/2018\/09\/linkpic_anfahrt_2.png 346w, http:\/\/www.tc-solvay-rheinberg.de\/wp-content\/uploads\/2018\/09\/linkpic_anfahrt_2-150x91.png 150w\" sizes=\"auto, (max-width: 346px) 100vw, 346px\" \/><\/a><\/p>\n<p><strong>Rheinbergs gr\u00f6\u00dfte Platzanlage<\/strong><\/p>\n<p>mit 8 Aschepl\u00e4tzen,<br \/>\nmit 2 Flutlichtpl\u00e4tzen,<br \/>\nmit 3 Hallenpl\u00e4tzen,<br \/>\neinem Clubhaus mit zwei Terrassen,<br \/>\neiner Trainingswand,<br \/>\neiner Boulebahn und<br \/>\neinem Kinderspielplatz<\/p>\n<p>befindet sich im Rheinberger Norden unmittelbar an der Bundesstra\u00dfe 57 in der N\u00e4he zum Solvay-Werk, dessen Turm schon aus der Ferne gut zu sehen ist.<\/p>\n<p>&nbsp;<\/p>\n<p><a href=\"http:\/\/www.tc-solvay-rheinberg.de\/wp-content\/uploads\/2015\/08\/Platzbenutzungsordnung_TC_Solvay.pdf\" target=\"_blank\"><img loading=\"lazy\" decoding=\"async\" class=\"alignnone wp-image-116\" title=\"Klick f\u00fcr Ansicht Platzbenutzungsordnung\" src=\"http:\/\/www.tc-solvay-rheinberg.de\/wp-content\/uploads\/2015\/07\/icon_pdf.png\" alt=\"\" width=\"50\" height=\"50\" \/><\/a>Die Platzbenutzungsordnung als PDF.<\/p>\n<p>&nbsp;<\/p>\n<p>&nbsp;<\/p>\n","protected":false},"excerpt":{"rendered":"<p>Rheinbergs gr\u00f6\u00dfte Platzanlage mit 8 Aschepl\u00e4tzen, mit 2 Flutlichtpl\u00e4tzen, mit 3 Hallenpl\u00e4tzen, einem Clubhaus mit zwei Terrassen, einer Trainingswand, einer Boulebahn und einem Kinderspielplatz befindet sich im Rheinberger Norden unmittelbar an der Bundesstra\u00dfe 57 in der N\u00e4he zum Solvay-Werk, dessen Turm schon aus der Ferne gut zu sehen ist. &nbsp; Die Platzbenutzungsordnung als PDF. &nbsp; [&hellip;]<\/p>\n","protected":false},"author":1,"featured_media":97,"parent":0,"menu_order":7,"comment_status":"closed","ping_status":"closed","template":"","meta":{"footnotes":""},"class_list":["post-36","page","type-page","status-publish","has-post-thumbnail","hentry"],"_links":{"self":[{"href":"http:\/\/www.tc-solvay-rheinberg.de\/index.php?rest_route=\/wp\/v2\/pages\/36","targetHints":{"allow":["GET"]}}],"collection":[{"href":"http:\/\/www.tc-solvay-rheinberg.de\/index.php?rest_route=\/wp\/v2\/pages"}],"about":[{"href":"http:\/\/www.tc-solvay-rheinberg.de\/index.php?rest_route=\/wp\/v2\/types\/page"}],"author":[{"embeddable":true,"href":"http:\/\/www.tc-solvay-rheinberg.de\/index.php?rest_route=\/wp\/v2\/users\/1"}],"replies":[{"embeddable":true,"href":"http:\/\/www.tc-solvay-rheinberg.de\/index.php?rest_route=%2Fwp%2Fv2%2Fcomments&post=36"}],"version-history":[{"count":16,"href":"http:\/\/www.tc-solvay-rheinberg.de\/index.php?rest_route=\/wp\/v2\/pages\/36\/revisions"}],"predecessor-version":[{"id":974,"href":"http:\/\/www.tc-solvay-rheinberg.de\/index.php?rest_route=\/wp\/v2\/pages\/36\/revisions\/974"}],"wp:featuredmedia":[{"embeddable":true,"href":"http:\/\/www.tc-solvay-rheinberg.de\/index.php?rest_route=\/wp\/v2\/media\/97"}],"wp:attachment":[{"href":"http:\/\/www.tc-solvay-rheinberg.de\/index.php?rest_route=%2Fwp%2Fv2%2Fmedia&parent=36"}],"curies":[{"name":"wp","href":"https:\/\/api.w.org\/{rel}","templated":true}]}}