{"id":28,"date":"2015-07-20T00:10:47","date_gmt":"2015-07-19T22:10:47","guid":{"rendered":"http:\/\/wp15.tc-solvay-rheinberg.de\/?page_id=28"},"modified":"2025-07-30T10:44:57","modified_gmt":"2025-07-30T08:44:57","slug":"tennishalle","status":"publish","type":"page","link":"http:\/\/www.tc-solvay-rheinberg.de\/?page_id=28","title":{"rendered":"Tennishalle"},"content":{"rendered":"<p style=\"text-align: justify;\"><a href=\"http:\/\/www.tc-solvay-rheinberg.de\/wp-content\/uploads\/2018\/09\/Halle_Neu2018Fertig.jpg\" target=\"_blank\" rel=\"noopener noreferrer\"><img loading=\"lazy\" decoding=\"async\" class=\" wp-image-957 alignright\" src=\"http:\/\/www.tc-solvay-rheinberg.de\/wp-content\/uploads\/2018\/09\/Halle_Neu2018Fertig-512x384.jpg\" alt=\"\" width=\"410\" height=\"308\" srcset=\"http:\/\/www.tc-solvay-rheinberg.de\/wp-content\/uploads\/2018\/09\/Halle_Neu2018Fertig-512x384.jpg 512w, http:\/\/www.tc-solvay-rheinberg.de\/wp-content\/uploads\/2018\/09\/Halle_Neu2018Fertig-150x113.jpg 150w, http:\/\/www.tc-solvay-rheinberg.de\/wp-content\/uploads\/2018\/09\/Halle_Neu2018Fertig-2000x1500.jpg 2000w\" sizes=\"auto, (max-width: 410px) 100vw, 410px\" \/><\/a>Die vereinseigene 3-Feld-Tennishalle befindet sich direkt auf unserer Platzanlage. 365 Tage im Jahr haben Vereinsmitglieder und Nichtmitglieder die M\u00f6glichkeit \u00fcber Jahresabos, Saisonabos oder Einzelstunden dort zu spielen. Ansprechpartner ist unser 2. Vorsitzender Erik Na\u00df.<\/p>\n<p style=\"text-align: justify;\">Im Sommer 2018 wurde der alte Teppichboden gegen einen innovativen, neuen Belag ausgetauscht: <em>Tennis Force Elastic Slide<\/em> von der <em>Firma Sportas<\/em>.<\/p>\n<p style=\"text-align: justify;\"><strong>Vorteile des neuen Hallenbodens:<\/strong> *ganzj\u00e4hrig bespielbar *Spieleigenschaften vergleichbar mit einem Sandplatz *gelenk- und muskelfreundlicher Untergrund *kein Verf\u00e4rben der B\u00e4lle *mit Sandplatzschuhe zu nutzen<\/p>\n<p><em><a href=\"http:\/\/www.tc-solvay-rheinberg.de\/?p=959\">Ein paar Bilder von der Umbauphase gibt es hier zu sehen.<\/a> <\/em><\/p>\n<p style=\"text-align: justify;\">Ein toller Bodenbelag, eine hervorragende Ausleuchtung und eine attraktive Preisstruktur sollte auch Ihr Interesse wecken.<\/p>\n<p style=\"text-align: justify;\"><span style=\"color: #0000ff;\"><a href=\"http:\/\/www.tc-solvay-rheinberg.de\/?page_id=606\"><img loading=\"lazy\" decoding=\"async\" class=\"alignleft wp-image-1000 size-thumbnail\" title=\"Zur Online-Buchung von Einzelstunden\" src=\"http:\/\/www.tc-solvay-rheinberg.de\/wp-content\/uploads\/2018\/09\/eversports-header-150x30.png\" alt=\"Zur Online-Buchung von Einzelstunden\" width=\"150\" height=\"30\" srcset=\"http:\/\/www.tc-solvay-rheinberg.de\/wp-content\/uploads\/2018\/09\/eversports-header-150x30.png 150w, http:\/\/www.tc-solvay-rheinberg.de\/wp-content\/uploads\/2018\/09\/eversports-header.png 175w\" sizes=\"auto, (max-width: 150px) 100vw, 150px\" \/><\/a>Einzelstunden f\u00fcr die Nutzung der Tennishalle werden ab sofort ausschlie\u00dflich \u00fcber das Internet gebucht.<\/span> <a href=\"http:\/\/www.tc-solvay-rheinberg.de\/?page_id=606\">Die Buchung ist HIER m\u00f6glich.<\/a><\/p>\n<p><a href=\"http:\/\/www.tc-solvay-rheinberg.de\/wp-content\/uploads\/2024\/08\/Hallenpreisliste_TC_Solvay_24-25.pdf\">Hallenpreisliste<\/a><\/p>\n<p><a href=\"http:\/\/www.tc-solvay-rheinberg.de\/wp-content\/uploads\/2023\/11\/Hallenbelegung-2324-3.pdf\">Hallenbelegung 2324<\/a><\/p>\n<p><a href=\"http:\/\/www.tc-solvay-rheinberg.de\/wp-content\/uploads\/2018\/09\/Halle_Platzpflege2018.pdf\">Platzpflege<\/a><\/p>\n<table style=\"height: 5px;\" width=\"979\">\n<tbody>\n<tr>\n<td><\/td>\n<td><\/td>\n<td><\/td>\n<\/tr>\n<tr>\n<td style=\"text-align: center;\"><\/td>\n<td><\/td>\n<td style=\"text-align: center;\"><\/td>\n<\/tr>\n<\/tbody>\n<\/table>\n<p><span style=\"text-decoration: underline;\">Ansprechpartner f\u00fcr Abo-Buchungen und Fragen zur Buchung von Einzelstunden:<\/span><br \/>\nErik Na\u00df, Tel. 0175 5838298, Email erik.nass@kemira.com<\/p>\n","protected":false},"excerpt":{"rendered":"<p>Die vereinseigene 3-Feld-Tennishalle befindet sich direkt auf unserer Platzanlage. 365 Tage im Jahr haben Vereinsmitglieder und Nichtmitglieder die M\u00f6glichkeit \u00fcber Jahresabos, Saisonabos oder Einzelstunden dort zu spielen. Ansprechpartner ist unser 2. Vorsitzender Erik Na\u00df. Im Sommer 2018 wurde der alte Teppichboden gegen einen innovativen, neuen Belag ausgetauscht: Tennis Force Elastic Slide von der Firma Sportas. [&hellip;]<\/p>\n","protected":false},"author":1,"featured_media":957,"parent":0,"menu_order":9,"comment_status":"closed","ping_status":"closed","template":"","meta":{"footnotes":""},"class_list":["post-28","page","type-page","status-publish","has-post-thumbnail","hentry"],"_links":{"self":[{"href":"http:\/\/www.tc-solvay-rheinberg.de\/index.php?rest_route=\/wp\/v2\/pages\/28","targetHints":{"allow":["GET"]}}],"collection":[{"href":"http:\/\/www.tc-solvay-rheinberg.de\/index.php?rest_route=\/wp\/v2\/pages"}],"about":[{"href":"http:\/\/www.tc-solvay-rheinberg.de\/index.php?rest_route=\/wp\/v2\/types\/page"}],"author":[{"embeddable":true,"href":"http:\/\/www.tc-solvay-rheinberg.de\/index.php?rest_route=\/wp\/v2\/users\/1"}],"replies":[{"embeddable":true,"href":"http:\/\/www.tc-solvay-rheinberg.de\/index.php?rest_route=%2Fwp%2Fv2%2Fcomments&post=28"}],"version-history":[{"count":27,"href":"http:\/\/www.tc-solvay-rheinberg.de\/index.php?rest_route=\/wp\/v2\/pages\/28\/revisions"}],"predecessor-version":[{"id":1726,"href":"http:\/\/www.tc-solvay-rheinberg.de\/index.php?rest_route=\/wp\/v2\/pages\/28\/revisions\/1726"}],"wp:featuredmedia":[{"embeddable":true,"href":"http:\/\/www.tc-solvay-rheinberg.de\/index.php?rest_route=\/wp\/v2\/media\/957"}],"wp:attachment":[{"href":"http:\/\/www.tc-solvay-rheinberg.de\/index.php?rest_route=%2Fwp%2Fv2%2Fmedia&parent=28"}],"curies":[{"name":"wp","href":"https:\/\/api.w.org\/{rel}","templated":true}]}}